 base 13, what is 18c + -24?
168
In base 11, what is -1a4 + 5?
-19a
In base 12, what is 16b + 0?
16b
In base 4, what is 31 + 133?
230
In base 10, what is -203 - 2?
-205
In base 6, what is 1321 + -2?
1315
In base 9, what is -5 + 127?
122
In base 15, what is 60 + 2?
62
In base 16, what is -3 + 2c?
29
In base 8, what is -643 + 60?
-563
In base 16, what is -914 - -4?
-910
In base 15, what is 5 + -4a?
-45
In base 16, what is 12 + -a?
8
In base 12, what is 54 - -8?
60
In base 11, what is 1 - 352?
-351
In base 14, what is -4 + 681?
67b
In base 3, what is -200 + 111?
-12
In base 2, what is 10 - -101000000101?
101000000111
In base 7, what is -1304 + 0?
-1304
In base 14, what is 13 - b?
6
In base 15, what is -8 + 407?
3ee
In base 8, what is -5 + 260?
253
In base 13, what is 1a31 + 0?
1a31
In base 7, what is 5150 - 3?
5144
In base 8, what is -122 + 132?
10
In base 3, what is -202 - -22?
-110
In base 3, what is 10 - -12121011?
12121021
In base 5, what is -1141 + -12?
-1203
In base 4, what is 1013 - -212?
1231
In base 8, what is -54 + 164?
110
In base 16, what is -5 - -17?
12
In base 10, what is -2 - 367?
-369
In base 5, what is 1110041 - -10?
1110101
In base 11, what is -24 + -114?
-138
In base 10, what is -236 + 5?
-231
In base 9, what is 2 + -34?
-32
In base 6, what is -4 - 0?
-4
In base 10, what is 25 - -190?
215
In base 4, what is 22 - -1?
23
In base 13, what is 4 + -c?
-8
In base 2, what is 100100010 + 11?
100100101
In base 12, what is 4 + -b9?
-b5
In base 12, what is -31 + -1?
-32
In base 9, what is -28 - 14?
-43
In base 9, what is -42 - -10?
-32
In base 13, what is -189 + 2?
-187
In base 9, what is 0 + -513?
-513
In base 11, what is -2 + a88?
a86
In base 2, what is 1011110 + -10000?
1001110
In base 2, what is -1110110000 + -1?
-1110110001
In base 13, what is 320 - 27?
2c6
In base 3, what is 110 - -11?
121
In base 6, what is 10 + -1230?
-1220
In base 12, what is 82 - 2?
80
In base 4, what is 22030333 + 2?
22031001
In base 13, what is 1071 - 5?
1069
In base 7, what is 5 + 14?
22
In base 9, what is 11 - 5?
5
In base 9, what is -5 + -4274?
-4280
In base 5, what is 10 + -104?
-44
In base 8, what is -4 - 510?
-514
In base 16, what is 106 - 2?
104
In base 11, what is -391 - 1?
-392
In base 2, what is -1010010011000110 + -101?
-1010010011001011
In base 5, what is -3021 + -22?
-3043
In base 5, what is 2012 + 4?
2021
In base 13, what is 2 - 141?
-13c
In base 3, what is 20112110 + -10?
20112100
In base 16, what is 5 + 143?
148
In base 2, what is -110 + 10100?
1110
In base 8, what is 4 - -5101?
5105
In base 9, what is 2 - 3733?
-3731
In base 15, what is -4 + -39?
-3d
In base 14, what is 1 - b56?
-b55
In base 14, what is -10c7 - 4?
-10cb
In base 5, what is -10 + -3001?
-3011
In base 16, what is -4 + -94?
-98
In base 16, what is e - -9?
17
In base 11, what is -233 - 1?
-234
In base 2, what is -10111 + -101?
-11100
In base 10, what is -4 + -28?
-32
In base 2, what is 1 - 100010010?
-100010001
In base 7, what is 125 + 4?
132
In base 8, what is -4 - 1?
-5
In base 3, what is 10 - 110200?
-110120
In base 6, what is 32 - -5?
41
In base 11, what is 569 + 3?
571
In base 2, what is -100 + 1010010?
1001110
In base 2, what is 10 - -110111?
111001
In base 9, what is -865 - 1?
-866
In base 3, what is -11 + -200112?
-200200
In base 7, what is -3 - -26?
23
In base 10, what is -163 - -30?
-133
In base 16, what is 7 - 1c?
-15
In base 5, what is 4 + 1104?
1113
In base 3, what is -22110 + 2021?
-20012
In base 3, what is -2210 - -102?
-2101
In base 13, what is 1 - -15?
16
In base 10, what is 17792 - -5?
17797
In base 2, what is -10011110100 + 11?
-10011110001
In base 8, what is -211 - 1?
-212
In base 8, what is 3014 - -2?
3016
In base 16, what is 410 - -1?
411
In base 9, what is -5 + -113?
-118
In base 5, what is 10 - -441?
1001
In base 2, what is 1011110 + -1000?
1010110
In base 2, what is -10 + 10111010?
10111000
In base 16, what is -7 + -4?
-b
In base 6, what is -5413 - 13?
-5430
In base 9, what is -2 - 13?
-15
In base 14, what is -bc + -3b?
-119
In base 15, what is 2 + -350?
-34d
In base 11, what is 1 - 62?
-61
In base 12, what is -137 + 3?
-134
In base 3, what is -1012 + 10200?
2111
In base 8, what is -66 - 404?
-472
In base 5, what is 1 + 214?
220
In base 5, what is -140 + 4?
-131
In base 13, what is -170 - -26?
-147
In base 2, what is -110 + 1010011?
1001101
In base 6, what is 0 - -3010?
3010
In base 11, what is -2 - -6aa?
6a8
In base 5, what is -14 - -12?
-2
In base 2, what is -1110101100101 + 101?
-1110101100000
In base 8, what is 2 - -415?
417
In base 9, what is -66 - -26?
-40
In base 5, what is 2 - -143?
200
In base 16, what is 1 + 75?
76
In base 16, what is -59 + -3?
-5c
In base 15, what is -2 + -1a9?
-1ab
In base 12, what is 0 - 402?
-402
In base 7, what is 24 - -2103?
2130
In base 2, what is 1 + 11110010101?
11110010110
In base 4, what is 2 + -10332?
-10330
In base 8, what is -10 - -15?
5
In base 7, what is -64 - -3?
-61
In base 8, what is 0 - -166?
166
In base 15, what is -28d + 0?
-28d
In base 2, what is -11 + 1?
-10
In base 7, what is 61 + -6?
52
In base 6, what is -4 - -1010?
1002
In base 15, what is 17 + -2?
15
In base 4, what is -12 + 32032?
32020
In base 9, what is -36 + 26?
-10
In base 3, what is -20212100 + -1?
-20212101
In base 13, what is 2 - 20?
-1b
In base 6, what is -342 - 304?
-1050
In base 2, what is -11 + 1000010001?
1000001110
In base 12, what is -11 - -19?
8
In base 11, what is 355 - -3?
358
In base 15, what is 25 - -8?
2d
In base 12, what is 4 + -4?
0
In base 14, what is b1c1 - 2?
b1bd
In base 14, what is 5 - -86?
8b
In base 16, what is -cf - 1?
-d0
In base 9, what is 3556 + 0?
3556
In base 10, what is -3 + 89?
86
In base 7, what is 3 - 1201?
-1165
In base 16, what is -27 + -12?
-39
In base 2, what is -1000 - 100001?
-101001
In base 16, what is -8 + -32?
-3a
In base 7, what is 1030 + -56?
641
In base 13, what is -ba - -73?
-47
In base 13, what is 18b - 9?
182
In base 11, what is 76 + 5?
80
In base 4, what is -11300 + 20?
-11220
In base 14, what is -5 + 149?
144
In base 16, what is -2 - -57c?
57a
In base 6, what is -4504 - -34?
-4430
In base 4, what is 131 - -3?
200
In base 12, what is 5 + 1a7?
1b0
In base 5, what is -30423 - -4?
-30414
In base 12, what is -21 - 13?
-34
In base 12, what is -62 - b?
-71
In base 12, what is -a - -14?
6
In base 3, what is 12 + -21021?
-21002
In base 9, what is -877 - 5?
-883
In base 11, what is 331 + 4?
335
In base 13, what is -c - 11?
-20
In base 2, what is 11 - -110110011?
110110110
In base 8, what is 250 - -2?
252
In base 12, what is 321 - 2?
31b
In base 3, what is -1022000110 - 12?
-1022000122
In base 5, what is 1144402 - 10?
1144342
In base 12, what is -147 + 4?
-143
In base 15, what is -2 - -61?
5e
In base 11, what is 115 + -158?
-43
In base 16, what is -1 + 1a?
19
In base 16, what is -45 - -a?
-3b
In base 16, what is 4 - -56?
5a
In base 4, what is -11101320 - 3?
-11101323
In base 2, what is -10 - -10001101?
10001011
In base 8, what is 40 + 3?
43
In base 4, what is 3 + -200232?
-200223
In base 6, what is 1104 - -2?
1110
In base 3, what is -200211 - 10?
-200221
In base 12, what is 25 + -2?
23
In base 6, what is -30331 + -13?
-30344
In base 12, what is 0 + -63?
-63
In base 2, what is 101 + 101100011?
101101000
In base 14, what is 5 - -26?
2b
In base 11, what is 235 - 1?
234
In base 10, what is 14 + 16?
30
In base 6, what is -125 - -20?
-105
In base 14, what is 4 + d?
13
In base 7, what is -1303 - -1?
-1302
In base 13, what is -14b - -10?
-13b
In base 12, what is 15 - -216?
22b
In base 5, what is 22 - -10444?
11021
In base 3, what is -1 - 1?
-2
In base 16, what is -d7 - -15?
-c2
In base 4, what is -2202 + 100?
-2102
In base 8, what is 213 - 25?
166
In base 6, what is -34 - -3?
-31
In base 13, what is -576 + 1?
-575
In base 16, what is 2 - -69?
6b
In base 4, what is -11 + 102123?
102112
In base 14, what is 5 + 10?
15
In base 6, what is -10 + 4012?
4002
In base 3, what is -12 - -1121200?
1121111
In base 11, what is 4 - 30?
-27
In base 12, what is 23 - 41?
-1a
In base 6, what is 20225 + 0?
20225
In base 6, what is -314 - 2?
-320
In base 8, what is 362 + -5?
355
In base 3, what is -201 - 11?
-212
In base 12, what is 1 + -12?
-11
In base 13, what is -5 - 7c?
-84
In base 14, what is 32 + 2c?
60
In base 10, what is -2